-8
What is 1 (base 7) in base 15?
1
-103 (base 4) to base 16
-13
-1 (base 6) to base 4
-1
What is 28 (base 13) in base 5?
114
28 (base 11) to base 3
1010
230 (base 4) to base 6
112
45 (base 13) to base 2
111001
What is -a5 (base 14) in base 12?
-101
Convert 112 (base 8) to base 9.
82
-126 (base 11) to base 16
-95
Convert 37 (base 14) to base 10.
49
What is 2 (base 9) in base 3?
2
170 (base 9) to base 4
2100
What is 5 (base 16) in base 9?
5
Convert 1 (base 5) to base 12.
1
Convert 231 (base 5) to base 15.
46
What is 6 (base 11) in base 5?
11
5 (base 14) to base 16
5
What is -12 (base 5) in base 7?
-10
Convert 7 (base 14) to base 2.
111
What is 14 (base 14) in base 11?
17
What is -5 (base 15) in base 12?
-5
-29 (base 16) to base 15
-2b
Convert -11 (base 3) to base 13.
-4
What is 5 (base 7) in base 13?
5
45 (base 15) to base 10
65
What is -5 (base 8) in base 16?
-5
What is 18 (base 15) in base 10?
23
-210 (base 7) to base 13
-81
-60 (base 14) to base 12
-70
What is 21000 (base 3) in base 4?
2331
Convert -2 (base 5) to base 9.
-2
-3 (base 11) to base 4
-3
What is 3 (base 6) in base 10?
3
-1 (base 14) to base 15
-1
-6 (base 13) to base 10
-6
What is -30 (base 6) in base 4?
-102
What is 0 (base 11) in base 14?
0
3 (base 11) to base 8
3
28 (base 12) to base 15
22
1 (base 2) to base 8
1
Convert 10 (base 2) to base 6.
2
What is -120 (base 3) in base 6?
-23
What is -1110 (base 2) in base 6?
-22
Convert 12 (base 14) to base 5.
31
What is 0 (base 5) in base 3?
0
Convert -103 (base 6) to base 3.
-1110
Convert 18 (base 12) to base 4.
110
-128 (base 9) to base 2
-1101011
312 (base 4) to base 9
60
What is 7 (base 15) in base 10?
7
Convert -10001 (base 2) to base 11.
-16
What is fc (base 16) in base 7?
510
What is -153 (base 6) in base 13?
-54
What is -100 (base 2) in base 13?
-4
Convert 44 (base 7) to base 14.
24
Convert -1 (base 14) to base 11.
-1
Convert 1 (base 12) to base 15.
1
Convert -201 (base 4) to base 2.
-100001
What is 2 (base 5) in base 3?
2
-312 (base 4) to base 2
-110110
0 (base 13) to base 16
0
31 (base 6) to base 5
34
Convert 94 (base 10) to base 3.
10111
6 (base 14) to base 13
6
2 (base 12) to base 2
10
-31 (base 14) to base 12
-37
What is -2 (base 6) in base 13?
-2
-2 (base 7) to base 16
-2
Convert -23 (base 12) to base 6.
-43
What is -1f (base 16) in base 13?
-25
18 (base 10) to base 16
12
What is -10 (base 5) in base 9?
-5
Convert -1 (base 5) to base 16.
-1
Convert -47 (base 14) to base 11.
-58
What is 3 (base 6) in base 14?
3
Convert 2 (base 4) to base 7.
2
Convert -114 (base 6) to base 4.
-232
What is 3 (base 8) in base 15?
3
Convert 62 (base 7) to base 10.
44
Convert -10 (base 3) to base 10.
-3
Convert -2211 (base 3) to base 11.
-6a
-10 (base 14) to base 11
-13
What is 130 (base 4) in base 8?
34
Convert 0 (base 14) to base 4.
0
230 (base 11) to base 16
113
Convert -2 (base 11) to base 10.
-2
Convert 1221 (base 3) to base 4.
310
Convert 101 (base 2) to base 14.
5
What is -43 (base 14) in base 15?
-3e
Convert 5 (base 10) to base 12.
5
9 (base 12) to base 15
9
-14 (base 14) to base 9
-20
What is -11 (base 15) in base 16?
-10
What is -11010 (base 3) in base 2?
-1101111
What is 1313 (base 4) in base 16?
77
Convert 8 (base 14) to base 13.
8
What is 104 (base 5) in base 6?
45
What is -1 (base 12) in base 8?
-1
What is 15 (base 9) in base 14?
10
What is -135 (base 7) in base 4?
-1023
Convert -84 (base 9) to base 7.
-136
-31 (base 9) to base 3
-1001
16 (base 7) to base 12
11
Convert 12 (base 11) to base 15.
d
-45 (base 9) to base 4
-221
What is 9 (base 13) in base 5?
14
Convert -242 (base 10) to base 6.
-1042
-15 (base 11) to base 7
-22
-29 (base 14) to base 10
-37
What is -3 (base 6) in base 2?
-11
8a (base 13) to base 15
79
What is 2 (base 3) in base 8?
2
-1 (base 3) to base 9
-1
Convert 0 (base 10) to base 2.
0
Convert 1503 (base 6) to base 7.
1110
Convert -120 (base 3) to base 12.
-13
Convert -1b4 (base 14) to base 3.
-111010
What is -33 (base 7) in base 5?
-44
What is c (base 16) in base 4?
30
What is 9 (base 15) in base 3?
100
-62 (base 7) to base 10
-44
Convert 84 (base 13) to base 12.
90
-4 (base 7) to base 13
-4
Convert 121 (base 3) to base 10.
16
Convert -12 (base 10) to base 12.
-10
Convert 12202 (base 3) to base 15.
a5
What is 1121 (base 3) in base 5?
133
What is -10 (base 3) in base 9?
-3
-f3 (base 16) to base 3
-100000
-2 (base 5) to base 12
-2
Convert 110 (base 2) to base 11.
6
Convert 22 (base 12) to base 2.
11010
Convert 8 (base 13) to base 9.
8
4 (base 15) to base 7
4
Convert 5 (base 10) to base 6.
5
Convert 1 (base 15) to base 7.
1
What is -14 (base 16) in base 12?
-18
Convert -11 (base 4) to base 11.
-5
Convert -1 (base 5) to base 12.
-1
2102 (base 3) to base 13
50
235 (base 6) to base 14
6b
-4 (base 13) to base 8
-4
-4 (base 7) to base 3
-11
Convert -100111 (base 2) to base 16.
-27
Convert 2 (base 9) to base 2.
10
What is 32 (base 6) in base 10?
20
Convert -15 (base 6) to base 7.
-14
Convert 1111110 (base 2) to base 14.
90
1010 (base 4) to base 11
62
What is -3 (base 6) in base 9?
-3
What is 10 (base 9) in base 10?
9
202 (base 3) to base 4
110
Convert -10 (base 2) to base 7.
-2
What is 101 (base 2) in base 4?
11
What is 24 (base 15) in base 9?
37
Convert -1011110 (base 2) to base 5.
-334
What is -8b (base 12) in base 7?
-212
What is -5 (base 14) in base 2?
-101
Convert -26 (base 12) to base 7.
-42
-128 (base 10) to base 12
-a8
Convert -1001111 (base 2) to base 8.
-117
Convert -60 (base 9) to base 8.
-66
10000010 (base 2) to base 5
1010
-155 (base 8) to base 3
-11001
What is -3 (base 14) in base 7?
-3
Convert -25 (base 8) to base 9.
-23
What is -5 (base 6) in base 7?
-5
What is 252 (base 8) in base 10?
170
12 (base 4) to base 5
11
What is 0 (base 7) in base 9?
0
What is -2 (base 13) in base 10?
-2
Convert -2 (base 16) to base 11.
-2
What is 0 (base 3) in base 9?
0
What is 1 (base 12) in base 5?
1
Convert 11100 (base 2) to base 8.
34
What is 28 (base 11) in base 4?
132
Convert 7 (base 14) to base 5.
12
Convert -3 (base 7) to base 3.
-10
3 (base 6) to base 5
3
What is -258 (base 11) in base 14?
-17b
-202 (base 3) to base 5
-40
What is 15 (base 16) in base 9?
23
2 (base 4) to base 7
2
What is -1 (base 6) in base 9?
-1
-20 (base 3) to base 8
-6
Convert 2 (base 14) to base 4.
2
Convert -12 (base 7) to base 5.
-14
What is -15 (base 9) in base 7?
-20
Convert 13 (base 5) to base 10.
8
Convert 0 (base 15) to base 10.
0
78 (base 10) to base 11
71
15 (base 8) to base 15
d
0 (base 11) to base 3
0
322 (base 7) to base 9
201
4 (base 5) to base 9
4
Convert -83 (base 15) to base 9.
-146
Convert 33 (base 11) to base 13.
2a
Convert -40 (base 5) to base 12.
-18
101100 (base 3) to base 5
2104
What is -242 (base 9) in base 2?
-11001000
Convert -5 (base 12) to base 15.
-5
-1021 (base 4) to base 6
-201
Convert -5 (base 6) to base 15.
-5
66 (base 11) to base 7
132
Convert -31 (base 7) to base 2.
-10110
Convert 21 (base 6) to base 12.
11
Convert -10100110 (base 2) to base 13.
-ca
What is -73 (base 13) in base 7?
-163
Convert 0 (base 15) to base 6.
0
Convert -255 (base 6) to base 12.
-8b
What is -1 (base 8) in base 14?
-1
Convert 159 (base 10) to base 4.
2133
0 (base 14) to base 7
0
Convert -107 (base 10) to base 12.
-8b
What is 0 (base 3) in base 9?
0
Convert 6c (base 13) to base 3.
10100
Convert a1 (base 16) to base 12.
115
-57 (base 8) to base 15
-32
-2 (base 9) to base 6
-2
What is -a (base 11) in base 13?
-a
-141 (base 6) to base 13
-49
-21 (base 14) to base 5
-104
What is -133 (base 4) in base 16?
-1f
0 (base 15) to base 2
0
What is -4 (base 13) in base 12?
-4
What is -30 (base 10) in base 13?
-24
Convert -4 (base 12) to base 9.
-4
Convert -3 (base 12) to base 5.
-3
What is 5 (base 10) in base 12?
5
Convert 39 (base 15) to base 9.
60
5 (base 11) to base 7
5
Convert -3 (base 4) to base 7.
-3
Convert d (base 14) to base 8.
15
Convert 9 (base 16) to base 6.
13
What is -143 (base 8) in base 7?
-201
Convert -8 (base 12) to base 14.
-8
Convert 43 (base 6) to base 12.
23
1 (base 16) to base 14
1
Convert 2 (base 16) to base 12.
2
Convert 52 (base 9) to base 5.
142
What is 5 (base 15) in base 3?
12
120 (base 5) to base 2
100011
What is -5c (base 13) in base 12?
-65
-11 (base 3) to base 9
-4
Convert -7 (base 9) to base 11.
-7
What is 132 (base 5) in 